{"version":"1.0","provider_name":"Social Enterprise","provider_url":"https:\/\/testsocverslas.inovacijuagentura.lt\/en","title":"SOCIALINIO VERSLO FORUMAS | Kovo 28-29 d. - Socialinis verslas","type":"rich","width":600,"height":338,"html":"<blockquote class=\"wp-embedded-content\" data-secret=\"InctNgSKnW\"><a href=\"https:\/\/testsocverslas.inovacijuagentura.lt\/en\/socialinio-verslo-forumas-kovo-28-29-d\/\">SOCIALINIO VERSLO FORUMAS | Kovo 28-29 d.<\/a><\/blockquote><iframe sandbox=\"allow-scripts\" security=\"restricted\" src=\"https:\/\/testsocverslas.inovacijuagentura.lt\/en\/socialinio-verslo-forumas-kovo-28-29-d\/embed\/#?secret=InctNgSKnW\" width=\"600\" height=\"338\" title=\"&#8220;SOCIALINIO VERSLO FORUMAS | Kovo 28-29 d.&#8221; &#8212; Socialinis verslas\" data-secret=\"InctNgSKnW\" frameborder=\"0\" marginwidth=\"0\" marginheight=\"0\" scrolling=\"no\" class=\"wp-embedded-content\"><\/iframe><script>\n\/*! This file is auto-generated *\/\n!function(d,l){\"use strict\";l.querySelector&&d.addEventListener&&\"undefined\"!=typeof URL&&(d.wp=d.wp||{},d.wp.receiveEmbedMessage||(d.wp.receiveEmbedMessage=function(e){var t=e.data;if((t||t.secret||t.message||t.value)&&!\/[^a-zA-Z0-9]\/.test(t.secret)){for(var s,r,n,a=l.querySelectorAll('iframe[data-secret=\"'+t.secret+'\"]'),o=l.querySelectorAll('blockquote[data-secret=\"'+t.secret+'\"]'),c=new RegExp(\"^https?:$\",\"i\"),i=0;i<o.length;i++)o[i].style.display=\"none\";for(i=0;i<a.length;i++)s=a[i],e.source===s.contentWindow&&(s.removeAttribute(\"style\"),\"height\"===t.message?(1e3<(r=parseInt(t.value,10))?r=1e3:~~r<200&&(r=200),s.height=r):\"link\"===t.message&&(r=new URL(s.getAttribute(\"src\")),n=new URL(t.value),c.test(n.protocol))&&n.host===r.host&&l.activeElement===s&&(d.top.location.href=t.value))}},d.addEventListener(\"message\",d.wp.receiveEmbedMessage,!1),l.addEventListener(\"DOMContentLoaded\",function(){for(var e,t,s=l.querySelectorAll(\"iframe.wp-embedded-content\"),r=0;r<s.length;r++)(t=(e=s[r]).getAttribute(\"data-secret\"))||(t=Math.random().toString(36).substring(2,12),e.src+=\"#?secret=\"+t,e.setAttribute(\"data-secret\",t)),e.contentWindow.postMessage({message:\"ready\",secret:t},\"*\")},!1)))}(window,document);\n\/\/# sourceURL=https:\/\/testsocverslas.inovacijuagentura.lt\/wp-includes\/js\/wp-embed.min.js\n<\/script>","thumbnail_url":"https:\/\/testsocverslas.inovacijuagentura.lt\/wp-content\/uploads\/2022\/03\/forumas.jpg","thumbnail_width":1640,"thumbnail_height":924,"description":"Kovo 28-29 d. vyks Socialinio verslo forumas! Renginys suburs socialinio verslo ekosistemos lyderius dialogui su Lietuvos ir kit\u0173 \u0161ali\u0173 politikais bei socialinio verslo ekosistemos lyderiais. Bus diskutuojama apie \u0161io sektoriaus pl\u0117tros perspektyvas ir svarb\u0105 Lietuvos ekonomikai bei visuomen\u0117s i\u0161\u0161\u016bki\u0173 sprendimui. Pirm\u0105j\u0105 Socialinio verslo forumo dien\u0105 (kovo 28 d.) Lietuvos socialinio verslo asociacija kartu su Lietuvos&hellip;Continue readingSOCIALINIO VERSLO FORUMAS | Kovo 28-29 d."}

Kovo 28-29 d. vyks Socialinio verslo forumas! Renginys suburs socialinio verslo ekosistemos lyderius dialogui su Lietuvos ir kitų šalių politikais bei socialinio verslo ekosistemos lyderiais. Bus diskutuojama apie šio sektoriaus plėtros perspektyvas ir svarbą Lietuvos ekonomikai bei visuomenės iššūkių sprendimui. Pirmąją Socialinio verslo forumo dieną (kovo 28 d.) Lietuvos socialinio verslo asociacija kartu su Lietuvos&hellip;Continue readingSOCIALINIO VERSLO FORUMAS | Kovo 28-29 d.
